{"id":17043,"date":"2025-07-01T15:09:12","date_gmt":"2025-07-01T15:09:12","guid":{"rendered":"https:\/\/alimentoamericano.com\/operaciones\/?post_type=product&#038;p=17043"},"modified":"2026-02-03T16:38:15","modified_gmt":"2026-02-03T16:38:15","slug":"jamon-cocido-clasico-bierzo","status":"publish","type":"product","link":"https:\/\/alimentoamericano.com\/operaciones\/producto\/jamon-cocido-clasico-bierzo\/","title":{"rendered":"Jam\u00f3n cocido cl\u00e1sico Bierzo"},"content":{"rendered":"<p>Presentaci\u00f3n: Piezas de 4kg a 7kg.<\/p>\n<p>Venta al peso.<\/p>\n<p><strong>Precio final por kilo.\u00a0<\/strong><\/p>\n","protected":false},"excerpt":{"rendered":"<p>Presentaci\u00f3n: Piezas de 4kg a 7kg. Venta al peso. Precio final por kilo.\u00a0<\/p>\n","protected":false},"featured_media":17045,"template":"","meta":[],"product_brand":[],"product_cat":[86],"product_tag":[],"class_list":{"0":"post-17043","1":"product","2":"type-product","3":"status-publish","4":"has-post-thumbnail","6":"product_cat-fiambres-y-pancetas","8":"first","9":"instock","10":"shipping-taxable","11":"purchasable","12":"product-type-simple"},"_links":{"self":[{"href":"https:\/\/alimentoamericano.com\/operaciones\/wp-json\/wp\/v2\/product\/17043","targetHints":{"allow":["GET"]}}],"collection":[{"href":"https:\/\/alimentoamericano.com\/operaciones\/wp-json\/wp\/v2\/product"}],"about":[{"href":"https:\/\/alimentoamericano.com\/operaciones\/wp-json\/wp\/v2\/types\/product"}],"version-history":[{"count":1,"href":"https:\/\/alimentoamericano.com\/operaciones\/wp-json\/wp\/v2\/product\/17043\/revisions"}],"predecessor-version":[{"id":17044,"href":"https:\/\/alimentoamericano.com\/operaciones\/wp-json\/wp\/v2\/product\/17043\/revisions\/17044"}],"wp:featuredmedia":[{"embeddable":true,"href":"https:\/\/alimentoamericano.com\/operaciones\/wp-json\/wp\/v2\/media\/17045"}],"wp:attachment":[{"href":"https:\/\/alimentoamericano.com\/operaciones\/wp-json\/wp\/v2\/media?parent=17043"}],"wp:term":[{"taxonomy":"product_brand","embeddable":true,"href":"https:\/\/alimentoamericano.com\/operaciones\/wp-json\/wp\/v2\/product_brand?post=17043"},{"taxonomy":"product_cat","embeddable":true,"href":"https:\/\/alimentoamericano.com\/operaciones\/wp-json\/wp\/v2\/product_cat?post=17043"},{"taxonomy":"product_tag","embeddable":true,"href":"https:\/\/alimentoamericano.com\/operaciones\/wp-json\/wp\/v2\/product_tag?post=17043"}],"curies":[{"name":"wp","href":"https:\/\/api.w.org\/{rel}","templated":true}]}}